{"id":682,"date":"2023-12-23T17:24:52","date_gmt":"2023-12-23T23:24:52","guid":{"rendered":"https:\/\/belfegor.com.mx\/?post_type=product&#038;p=682"},"modified":"2023-12-23T17:24:53","modified_gmt":"2023-12-23T23:24:53","slug":"carinito-amarillo","status":"publish","type":"product","link":"https:\/\/belfegor.com.mx\/index.php\/producto\/carinito-amarillo\/","title":{"rendered":"Cari\u00f1ito amarillo"},"content":{"rendered":"<p>Bolsa de tela, asas cortas, color amarillo. Se cierra con botones a presi\u00f3n met\u00e1licos.<\/p>\n","protected":false},"excerpt":{"rendered":"<p>Bolsa de tela, asas cortas, color amarillo. Se cierra con botones a presi\u00f3n met\u00e1licos.<\/p>\n","protected":false},"featured_media":683,"comment_status":"open","ping_status":"closed","template":"","meta":[],"product_cat":[20,23,33,34],"product_tag":[],"_links":{"self":[{"href":"https:\/\/belfegor.com.mx\/index.php\/wp-json\/wp\/v2\/product\/682"}],"collection":[{"href":"https:\/\/belfegor.com.mx\/index.php\/wp-json\/wp\/v2\/product"}],"about":[{"href":"https:\/\/belfegor.com.mx\/index.php\/wp-json\/wp\/v2\/types\/product"}],"replies":[{"embeddable":true,"href":"https:\/\/belfegor.com.mx\/index.php\/wp-json\/wp\/v2\/comments?post=682"}],"wp:featuredmedia":[{"embeddable":true,"href":"https:\/\/belfegor.com.mx\/index.php\/wp-json\/wp\/v2\/media\/683"}],"wp:attachment":[{"href":"https:\/\/belfegor.com.mx\/index.php\/wp-json\/wp\/v2\/media?parent=682"}],"wp:term":[{"taxonomy":"product_cat","embeddable":true,"href":"https:\/\/belfegor.com.mx\/index.php\/wp-json\/wp\/v2\/product_cat?post=682"},{"taxonomy":"product_tag","embeddable":true,"href":"https:\/\/belfegor.com.mx\/index.php\/wp-json\/wp\/v2\/product_tag?post=682"}],"curies":[{"name":"wp","href":"https:\/\/api.w.org\/{rel}","templated":true}]}}

Cariñito amarillo

<p>Bolsa de tela, asas cortas, color amarillo. Se cierra con botones a presión metálicos.</p>
